{"id":89,"date":"2025-03-18T10:46:21","date_gmt":"2025-03-18T10:46:21","guid":{"rendered":"https:\/\/nina-ray.ch\/?page_id=89"},"modified":"2026-04-16T15:48:52","modified_gmt":"2026-04-16T15:48:52","slug":"hochzeiten","status":"publish","type":"page","link":"https:\/\/nina-ray.ch\/?page_id=89","title":{"rendered":"Hochzeiten"},"content":{"rendered":"\t\t<div data-elementor-type=\"wp-page\" data-elementor-id=\"89\" class=\"elementor elementor-89\">\n\t\t\t\t<div class=\"elementor-element elementor-element-346169b1 e-flex e-con-boxed e-con e-parent\" data-id=\"346169b1\" data-element_type=\"container\" data-e-type=\"container\">\n\t\t\t\t\t<div class=\"e-con-inner\">\n\t\t\t\t<div class=\"elementor-element elementor-element-29796957 elementor-widget elementor-widget-text-editor\" data-id=\"29796957\" data-element_type=\"widget\" data-e-type=\"widget\" data-widget_type=\"text-editor.default\">\n\t\t\t\t<div class=\"elementor-widget-container\">\n\t\t\t\t\t\t\t\t\t<p><\/p>\n<p>Gerne will ich Sie unterst\u00fctzen, Ihre Hochzeit zum sch\u00f6nsten und unvergesslichsten Tag Ihres Lebens zu machen. Ich freue mich, mit meiner Musik dazu beitragen zu d\u00fcrfen, eine ausgelassene und sch\u00f6ne Stimmung und unvergessliche Momente zu schaffen. Mein Musikstil gilt besonders dem Pop, Soul, Jazz sowie klassischen Opernst\u00fccken. Gerne passe ich die Stilrichtung Ihren Vorstellungen und W\u00fcnschen an. In der Regel werden g\u00e4ngige Lovesongs, Pop-Balladen, Soul-St\u00fccke und rockige Partymusik gew\u00fcnscht. In einem Vorgespr\u00e4ch k\u00f6nnen Sie gerne Ihre Liederw\u00fcnsche anbringen.<\/p>\n<p><\/p>\t\t\t\t\t\t\t\t<\/div>\n\t\t\t\t<\/div>\n\t\t\t\t\t<\/div>\n\t\t\t\t<\/div>\n\t\t<div class=\"elementor-element elementor-element-50887be e-flex e-con-boxed e-con e-parent\" data-id=\"50887be\" data-element_type=\"container\" data-e-type=\"container\">\n\t\t\t\t\t<div class=\"e-con-inner\">\n\t\t\t\t<div class=\"elementor-element elementor-element-eff5230 elementor-widget elementor-widget-image\" data-id=\"eff5230\" data-element_type=\"widget\" data-e-type=\"widget\" data-widget_type=\"image.default\">\n\t\t\t\t<div class=\"elementor-widget-container\">\n\t\t\t\t\t\t\t\t\t\t\t\t\t\t\t<img fetchpriority=\"high\" decoding=\"async\" width=\"640\" height=\"427\" src=\"https:\/\/nina-ray.ch\/wp-content\/uploads\/2025\/11\/CYC_Nina-Ray_2025.10.24-1024x683.jpg\" class=\"attachment-large size-large wp-image-318\" alt=\"\" srcset=\"https:\/\/nina-ray.ch\/wp-content\/uploads\/2025\/11\/CYC_Nina-Ray_2025.10.24-1024x683.jpg 1024w, https:\/\/nina-ray.ch\/wp-content\/uploads\/2025\/11\/CYC_Nina-Ray_2025.10.24-300x200.jpg 300w, https:\/\/nina-ray.ch\/wp-content\/uploads\/2025\/11\/CYC_Nina-Ray_2025.10.24-768x512.jpg 768w, https:\/\/nina-ray.ch\/wp-content\/uploads\/2025\/11\/CYC_Nina-Ray_2025.10.24-1536x1024.jpg 1536w, https:\/\/nina-ray.ch\/wp-content\/uploads\/2025\/11\/CYC_Nina-Ray_2025.10.24-2048x1365.jpg 2048w\" sizes=\"(max-width: 640px) 100vw, 640px\" \/>\t\t\t\t\t\t\t\t\t\t\t\t\t\t\t<\/div>\n\t\t\t\t<\/div>\n\t\t\t\t\t<\/div>\n\t\t\t\t<\/div>\n\t\t\t\t<\/div>\n\t\t","protected":false},"excerpt":{"rendered":"<p>Gerne will ich Sie unterst\u00fctzen, Ihre Hochzeit zum sch\u00f6nsten und unvergesslichsten Tag Ihres Lebens zu machen. [&hellip;]<\/p>\n","protected":false},"author":1,"featured_media":0,"parent":0,"menu_order":0,"comment_status":"closed","ping_status":"closed","template":"","meta":{"footnotes":""},"class_list":["post-89","page","type-page","status-publish","hentry"],"_links":{"self":[{"href":"https:\/\/nina-ray.ch\/index.php?rest_route=\/wp\/v2\/pages\/89","targetHints":{"allow":["GET"]}}],"collection":[{"href":"https:\/\/nina-ray.ch\/index.php?rest_route=\/wp\/v2\/pages"}],"about":[{"href":"https:\/\/nina-ray.ch\/index.php?rest_route=\/wp\/v2\/types\/page"}],"author":[{"embeddable":true,"href":"https:\/\/nina-ray.ch\/index.php?rest_route=\/wp\/v2\/users\/1"}],"replies":[{"embeddable":true,"href":"https:\/\/nina-ray.ch\/index.php?rest_route=%2Fwp%2Fv2%2Fcomments&post=89"}],"version-history":[{"count":7,"href":"https:\/\/nina-ray.ch\/index.php?rest_route=\/wp\/v2\/pages\/89\/revisions"}],"predecessor-version":[{"id":321,"href":"https:\/\/nina-ray.ch\/index.php?rest_route=\/wp\/v2\/pages\/89\/revisions\/321"}],"wp:attachment":[{"href":"https:\/\/nina-ray.ch\/index.php?rest_route=%2Fwp%2Fv2%2Fmedia&parent=89"}],"curies":[{"name":"wp","href":"https:\/\/api.w.org\/{rel}","templated":true}]}}